33 and 841.
29
Calculate the highest common divisor of 638165 and 187.
11
What is the highest common factor of 212699 and 227?
227
What is the highest common divisor of 927 and 2575?
103
What is the highest common factor of 7574 and 4?
2
What is the greatest common factor of 17157 and 456?
57
What is the greatest common factor of 12570 and 79890?
30
What is the greatest common factor of 82772 and 3?
1
What is the highest common divisor of 187 and 12869?
17
Calculate the greatest common divisor of 9 and 184914.
9
What is the highest common divisor of 380 and 21440?
20
Calculate the greatest common divisor of 2451185 and 1353.
451
Calculate the greatest common factor of 39214 and 210.
14
What is the greatest common factor of 337 and 86609?
337
Calculate the highest common factor of 31746 and 23014.
74
Calculate the greatest common divisor of 16710 and 4770.
30
Calculate the highest common divisor of 962648 and 2.
2
Calculate the highest common factor of 390 and 32994.
78
What is the highest common divisor of 123 and 830373?
123
Calculate the highest common divisor of 1232 and 6675592.
616
Calculate the highest common factor of 10806 and 42.
6
Calculate the highest common factor of 54604 and 4672.
292
Calculate the greatest common divisor of 9520 and 1666.
238
Calculate the highest common factor of 117 and 1182987.
117
Calculate the highest common factor of 16 and 201072.
16
Calculate the greatest common divisor of 676 and 1014.
338
Calculate the highest common divisor of 153750 and 250.
250
What is the greatest common factor of 100 and 223850?
50
Calculate the highest common divisor of 9045784 and 88.
88
Calculate the highest common divisor of 4305 and 7485.
15
What is the greatest common divisor of 10784 and 42125?
337
Calculate the greatest common factor of 246 and 1542.
6
What is the greatest common factor of 551 and 60287?
19
What is the highest common divisor of 1651 and 3810?
127
Calculate the highest common factor of 792 and 48168.
72
What is the highest common factor of 1352 and 46982?
338
What is the highest common factor of 35972415 and 285?
285
What is the highest common divisor of 3750 and 2880?
30
What is the highest common divisor of 13865 and 472?
59
Calculate the greatest common factor of 242 and 9909537.
121
Calculate the greatest common factor of 186884 and 228.
76
Calculate the highest common factor of 3519 and 169947.
207
Calculate the highest common divisor of 13020 and 48.
12
What is the highest common factor of 3 and 50613?
3
What is the greatest common factor of 370854 and 2574?
198
Calculate the greatest common factor of 109026 and 135.
27
What is the greatest common divisor of 3083028 and 156?
156
Calculate the highest common factor of 217198 and 524.
262
Calculate the highest common divisor of 83694 and 4082.
26
Calculate the highest common divisor of 7 and 93268.
7
Calculate the highest common divisor of 406 and 531164.
58
Calculate the highest common divisor of 2907 and 48393.
171
Calculate the highest common factor of 41537 and 73.
73
What is the greatest common divisor of 255188 and 524?
524
Calculate the greatest common factor of 133759 and 181.
181
Calculate the greatest common divisor of 130 and 129340.
10
Calculate the greatest common divisor of 113192 and 120.
8
Calculate the highest common factor of 270 and 8586.
54
What is the greatest common divisor of 352 and 5622584?
88
What is the highest common divisor of 838 and 118?
2
Calculate the highest common factor of 105 and 438095.
35
What is the greatest common factor of 80906 and 434?
14
Calculate the highest common factor of 192439 and 393.
131
What is the greatest common factor of 465 and 375?
15
Calculate the greatest common factor of 16 and 26764.
4
What is the greatest common factor of 1006 and 782165?
503
Calculate the highest common divisor of 594386 and 442.
26
Calculate the highest common divisor of 256 and 7792.
16
What is the greatest common divisor of 84 and 3633?
21
What is the highest common factor of 8115 and 160?
5
Calculate the greatest common factor of 2864 and 53700.
716
Calculate the greatest common factor of 18 and 15075.
9
Calculate the greatest common factor of 225666 and 3184.
398
What is the greatest common factor of 1505 and 89985?
35
What is the highest common divisor of 15 and 314715?
15
Calculate the greatest common factor of 61332 and 456.
228
Calculate the greatest common factor of 2398 and 7183.
11
What is the greatest common divisor of 523312 and 1?
1
Calculate the highest common divisor of 444 and 552.
12
Calculate the greatest common divisor of 104975 and 1292.
323
What is the highest common factor of 39 and 86333?
13
Calculate the greatest common factor of 8 and 35124.
4
Calculate the highest common divisor of 5110833 and 194.
97
What is the highest common factor of 5226 and 9438?
78
What is the highest common divisor of 1761 and 2894497?
587
What is the highest common factor of 67048 and 1856?
232
Calculate the highest common factor of 40 and 110008.
8
What is the greatest common factor of 216 and 124632?
216
What is the greatest common factor of 273916 and 124?
124
What is the greatest common divisor of 24224 and 6?
2
What is the highest common divisor of 2164844 and 44?
44
Calculate the highest common factor of 579754 and 6.
2
Calculate the greatest common factor of 10520 and 400.
40
Calculate the highest common divisor of 1217712 and 56.
8
What is the greatest common divisor of 127 and 374?
1
What is the greatest common factor of 230898 and 957?
87
Calculate the greatest common divisor of 3883 and 187.
11
Calculate the greatest common factor of 143 and 441870.
143
What is the highest common divisor of 132 and 23928?
12
What is the greatest common divisor of 156 and 7904?
52
Calculate the greatest common factor of 1624 and 35032.
232
Calculate the greatest common factor of 390850 and 100.
50
What is the greatest common divisor of 12406 and 8?
2
Calculate the highest common factor of 18336 and 136.
8
What is the greatest common factor of 318 and 49?
1
Calculate the greatest common factor of 626635 and 115.
115
What is the greatest common factor of 11169 and 612?
153
What is the greatest common factor of 17440 and 78371?
109
Calculate the greatest common divisor of 320 and 436144.
16
What is the greatest common factor of 2926 and 5643?
209
Calculate the highest common factor of 1100976 and 64.
16
Calculate the greatest common factor of 23604 and 28.
28
Calculate the greatest common factor of 32219 and 78155.
319
What is the highest common factor of 75686 and 4?
2
Calculate the greatest common divisor of 40716 and 3.
3
Calculate the greatest common factor of 22649 and 928.
29
What is the greatest common divisor of 77 and 45913?
7
Calculate the highest common factor of 1836 and 282591.
153
Calculate the highest common factor of 182394 and 468.
18
What is the greatest common factor of 9292 and 3864?
92
Calculate the highest common factor of 26 and 894.
2
Calculate the greatest common divisor of 19570 and 9682.
206
What is the highest common divisor of 35 and 16177?
7
What is the highest common factor of 19616 and 32?
32
Calculate the highest common divisor of 107000 and 428.
428
What is the greatest common factor of 7 and 1160005?
7
Calculate the highest common factor of 731934 and 252.
126
Calculate the greatest common divisor of 2271193 and 29.
29
What is the highest common factor of 2001 and 119451?
87
Calculate the greatest common divisor of 312 and 4563.
39
What is the greatest common divisor of 11055 and 4125?
165
What is the highest common divisor of 22328 and 40?
8
What is the greatest common divisor of 470 and 1570?
10
Calculate the greatest common divisor of 143 and 28468.
11
Calculate the highest common factor of 1088 and 324768.
544
What is the greatest common factor of 135 and 38085?
15
Calculate the highest common factor of 4392 and 1069208.
488
What is the greatest common divisor of 2160 and 1560?
120
What is the greatest common factor of 1080 and 445560?
120
Calculate the highest common divisor of 14562 and 72.
18
Calculate the greatest common divisor of 201975 and 225.
75
Calculate the highest common divisor of 8 and 20810.
2
What is the greatest common divisor of 1108179 and 34?
17
Calculate the highest